47 prime?
True
Is 13674335 composite?
True
Is 353603 composite?
False
Is 3238801 prime?
True
Is 633431 a composite number?
True
Is 758311 prime?
False
Is 14114411 a prime number?
False
Is 861613 prime?
True
Is 3526003 a composite number?
True
Is 2599661 composite?
False
Is 857707 a composite number?
False
Is 2483014 prime?
False
Is 1461847 prime?
False
Is 598537 a prime number?
True
Is 11132749 prime?
False
Is 1488653 a composite number?
False
Is 96079 composite?
False
Is 132084071 composite?
True
Is 3104267 a composite number?
False
Is 30133027 prime?
False
Is 170119 composite?
True
Is 61890127 a prime number?
False
Is 69209549 composite?
True
Is 4601293 prime?
True
Is 296159 a composite number?
False
Is 876181 prime?
True
Is 30765881 prime?
False
Is 213377497 prime?
True
Is 179317 a composite number?
False
Is 147977 a composite number?
False
Is 285823 prime?
True
Is 188470571 a prime number?
True
Is 501054403 prime?
False
Is 219656491 a composite number?
False
Is 23994007 composite?
False
Is 248356909 composite?
False
Is 31919089 a prime number?
True
Is 19913863 a composite number?
False
Is 5082577 prime?
True
Is 1854397 a composite number?
True
Is 1154401 composite?
False
Is 12369827 composite?
True
Is 3411671 prime?
True
Is 450139511 a prime number?
True
Is 999263 prime?
False
Is 56862227 composite?
False
Is 16777997 a prime number?
False
Is 174821 composite?
False
Is 37442153 prime?
False
Is 1204039 prime?
False
Is 27137087 a composite number?
False
Is 13248929 composite?
False
Is 959 composite?
True
Is 3898573 a composite number?
True
Is 83679289 a prime number?
False
Is 26088563 a composite number?
False
Is 257195593 prime?
True
Is 231898397 a composite number?
True
Is 1772167 a prime number?
True
Is 1689673 composite?
True
Is 11628667 prime?
True
Is 2898383 prime?
True
Is 17951929 composite?
False
Is 19397689 composite?
True
Is 996159 composite?
True
Is 146977 prime?
True
Is 108328511 a prime number?
True
Is 264329057 a composite number?
True
Is 307039781 composite?
False
Is 6559787 a composite number?
True
Is 16952779 prime?
True
Is 171973507 a prime number?
False
Is 7608859 a composite number?
True
Is 111035833 composite?
False
Is 18830587 a prime number?
False
Is 6903503 composite?
False
Is 576287 prime?
True
Is 762427 prime?
False
Is 10228991 a composite number?
False
Is 3563249 a composite number?
False
Is 522869 composite?
True
Is 640727 prime?
True
Is 1017437 a composite number?
False
Is 3375167 a composite number?
False
Is 216099551 prime?
True
Is 13693409 a composite number?
False
Is 2479361 a composite number?
False
Is 127142431 composite?
True
Is 16940993 a prime number?
False
Is 359546133 composite?
True
Is 2066037 a prime number?
False
Is 40472447 prime?
True
Is 3620597 a prime number?
True
Is 547121 prime?
True
Is 5108749 a composite number?
False
Is 71326261 a composite number?
False
Is 25689187 prime?
True
Is 10977907 composite?
False
Is 766454219 a composite number?
False
Is 35983 prime?
True
Is 286521923 composite?
True
Is 5028487 a composite number?
True
Is 4880507 a composite number?
False
Is 22288027 prime?
True
Is 10766971 a prime number?
True
Is 6827879 a composite number?
True
Is 2116033 a composite number?
True
Is 1997173 prime?
True
Is 468199441 prime?
True
Is 5087303 a prime number?
False
Is 1291141 prime?
False
Is 27272881 prime?
False
Is 12489119 prime?
True
Is 26536661 a composite number?
False
Is 119460017 a prime number?
False
Is 3657167 prime?
True
Is 34236493 a composite number?
True
Is 237386569 composite?
True
Is 2787461 composite?
False
Is 105656821 prime?
True
Is 3146317 a prime number?
False
Is 2843 prime?
True
Is 9504847 a composite number?
True
Is 624443 prime?
True
Is 24286823 composite?
True
Is 1092781 composite?
True
Is 23635799 composite?
True
Is 223207 a prime number?
True
Is 9623179 a composite number?
True
Is 1240753 composite?
True
Is 24127111 a composite number?
False
Is 100883437 a prime number?
True
Is 56009677 composite?
True
Is 304462777 a composite number?
False
Is 3479561 a prime number?
False
Is 1367399 a prime number?
False
Is 27645239 a composite number?
False
Is 7074853 a composite number?
False
Is 29432021 composite?
False
Is 6130451 prime?
False
Is 321310987 a composite number?
False
Is 9915281 a prime number?
True
Is 3711931 a prime number?
False
Is 129707 composite?
False
Is 922443517 a composite number?
True
Is 128892763 a prime number?
True
Is 9019993 prime?
False
Is 6740563 a composite number?
True
Is 19484981 a composite number?
False
Is 11100833 prime?
False
Is 176444231 a composite number?
True
Is 133842073 composite?
False
Is 25949557 prime?
False
Is 42993817 composite?
True
Is 47059511 composite?
False
Is 15554722 a composite number?
True
Is 510836093 a prime number?
False
Is 9174391 a composite number?
False
Is 199976437 prime?
True
Is 29076149 a prime number?
True
Is 568909997 a composite number?
False
Is 72046603 composite?
True
Is 9037381 a prime number?
True
Is 168138293 a prime number?
False
Is 229000567 a composite number?
False
Is 232912039 a prime number?
True
Is 4835513 prime?
True
Is 71957909 a composite number?
False
Is 49186 composite?
True
Is 1794323 a composite number?
False
Is 129177791 a composite number?
False
Is 8700751 prime?
True
Is 23023327 a prime number?
True
Is 28183589 prime?
False
Is 4382395 prime?
False
Is 18566963 composite?
False
Is 132089213 a prime number?
False
Is 31409503 composite?
False
Is 4045069 prime?
False
Is 89289919 prime?
True
Is 175601185 composite?
True
Is 38804741 a prime number?
False
Is 20389333 prime?
False
Is 43767007 prime?
True
Is 15984781 prime?
False
Is 1031717 a prime number?
True
Is 2249911 composite?
False
Is 519030779 a prime number?
True
Is 5258437 composite?
True
Is 18477841 a composite number?
True
Is 3155513 a prime number?
True
Is 8024563 a prime number?
True
Is 68384219 prime?
False
Is 44325521 a composite number?
False
Is 555679 prime?
False
Is 66966499 a prime number?
False
Is 24277355 composite?
True
Is 6974251 composite?
False
Is 1245031 composite?
True
Is 6807313 a prime number?
True
Is 3971915 prime?
False
Is 7588909 prime?
False
Is 974607 a prime number?
False
Is 37657047 prime?
False
Is 2823361 prime?
True
Is 61984787 a prime number?
True
Is 3212791 a composite number?
False
Is 4395779 a composite number?
False
Is 20080117 composite?
False
Is 9621251 prime?
True
Is 9083111 a prime number?
True
Is 1666333 prime?
False
Is 2506297 composite?
True
Is 1686161 a composite number?
True
Is 56121959 composite?
False
Is 5217722 composite?
True
Is 30986279 prime?
False
Is 518564297 a composite number?
False
Is 309797 a prime number?
True
Is 173555713 prime?
True
Is 1299563 a composite number?
True
Is 34012203 a composite number?
True
Is 78842921 a composite number?
True
Is 466526051 composite?
False
Is 35495701 prime?
True
Is 265757 a composite number?
False
Is 152402051 prime?
True
Is 14292331 composite?
True
Is 484577 prime?
True
Is 517626359 a composite number?
False
Is 2019989 a composite number?
True
Is 11912723 composite?
False
Is 41243109 prime?
False
Is 15321253 a prime number?
True
Is 90635951 composite?
True
Is 8847931 prime?
False
Is 7119823 a composite number?
True
Is 10333079 a composite number?
True
Is 1727939 prime?
True
Is 55272977 a composite number?
False
Is 2052353 a composite number?
True
Is 2573183 prime?
False
Is 2995571 a prime number?
True
Is 67151837 a composite number?
True
Is 485892961 composite?
False
Is 12192907 a composite number?
True
Is 14617177 a composite number?
False
Is 183348773 a composite number?
True
Is 4649839 a prime number?
False
Is 54014669 a composite number?
False
Is 653789 composite?
False
Is 307166867 composite?
True
Is 529942871 prime?
True
Is 4247401 composite?
True
Is 13213391 a prime number?
True
Is 90663961 a prime number?
False
Is 896755 a prime number?
False
Is 362569 composite?
False
Is 23048105 prime?
False
Is 578129011 a prime number?
True
Is 425641 composite?
False
Is 73738573 a composite number?
False
Is 55932517 prime?
True
Is 13933609 a composite number?
False
Is 50174758 prime?
False
Is 6307163 prime?
False
Is 2961713 a prime number?
True
Is 20015591 composite?
False
Is 122365123 a composite number?
True
Is 3149309 prime?
True
Is 1138483 